 11, 643
List the prime factors of 10119440.
2, 5, 126493
List the prime factors of 3717064.
2, 13, 103, 347
What are the prime factors of 374205?
3, 5, 13, 19, 101
List the prime factors of 113405.
5, 37, 613
List the prime factors of 16675556.
2, 4168889
List the prime factors of 79616.
2, 311
What are the prime factors of 125484?
2, 3, 10457
List the prime factors of 1407589.
257, 5477
List the prime factors of 624346.
2, 131, 2383
What are the prime factors of 876891?
3, 239, 1223
What are the prime factors of 3401752?
2, 53, 71, 113
What are the prime factors of 77903?
7, 31, 359
List the prime factors of 6802405.
5, 59, 23059
What are the prime factors of 3938260?
2, 5, 67, 2939
What are the prime factors of 2314689?
3, 13, 59351
List the prime factors of 6674582.
2, 29, 115079
What are the prime factors of 2019093?
3, 229, 2939
What are the prime factors of 269842?
2, 134921
What are the prime factors of 2015514?
2, 3, 111973
List the prime factors of 245124.
2, 3, 11, 619
List the prime factors of 218201.
23, 53, 179
What are the prime factors of 1916224?
2, 79, 379
What are the prime factors of 44510?
2, 5, 4451
What are the prime factors of 188352?
2, 3, 109
List the prime factors of 72118.
2, 107, 337
List the prime factors of 2156121.
3, 11, 29, 751
List the prime factors of 413242.
2, 367, 563
List the prime factors of 1975318.
2, 987659
What are the prime factors of 224685?
3, 5, 4993
What are the prime factors of 1848761?
727, 2543
List the prime factors of 391508.
2, 13, 7529
What are the prime factors of 1100034?
2, 3, 13, 1567
List the prime factors of 802330.
2, 5, 80233
What are the prime factors of 1033086?
2, 3, 172181
What are the prime factors of 9597529?
73, 1801
List the prime factors of 445600.
2, 5, 557
List the prime factors of 15348.
2, 3, 1279
List the prime factors of 161023.
23, 7001
List the prime factors of 639127.
31, 53, 389
What are the prime factors of 336610?
2, 5, 41, 821
List the prime factors of 102785.
5, 61, 337
What are the prime factors of 216717?
3, 29, 47, 53
List the prime factors of 1078777.
7, 154111
What are the prime factors of 2685404?
2, 53, 239
List the prime factors of 363731.
363731
List the prime factors of 6694172.
2, 1673543
What are the prime factors of 245368?
2, 30671
What are the prime factors of 1757112?
2, 3, 7, 10459
What are the prime factors of 7603627?
7603627
List the prime factors of 698981.
409, 1709
What are the prime factors of 262638?
2, 3, 14591
List the prime factors of 243765.
3, 5, 5417
List the prime factors of 25296.
2, 3, 17, 31
List the prime factors of 26394224.
2, 1649639
What are the prime factors of 518409?
3, 57601
What are the prime factors of 355319?
19, 18701
List the prime factors of 4486050.
2, 3, 5, 3323
List the prime factors of 598097.
271, 2207
What are the prime factors of 1715834?
2, 397, 2161
List the prime factors of 7716767.
7716767
List the prime factors of 4148447.
167, 24841
What are the prime factors of 226241?
226241
What are the prime factors of 3055593?
3, 809, 1259
What are the prime factors of 341626?
2, 170813
List the prime factors of 1256910.
2, 3, 5, 41897
What are the prime factors of 30576508?
2, 47, 162641
What are the prime factors of 16278604?
2, 4069651
List the prime factors of 17535904.
2, 229, 2393
List the prime factors of 675001.
233, 2897
What are the prime factors of 71298?
2, 3, 17, 233
What are the prime factors of 16114145?
5, 23, 140123
List the prime factors of 1831706.
2, 197, 4649
List the prime factors of 23243006.
2, 11621503
List the prime factors of 974111.
19, 167, 307
List the prime factors of 14291003.
14291003
List the prime factors of 749412.
2, 3, 257
List the prime factors of 5669640.
2, 3, 5, 15749
List the prime factors of 7455693.
3, 7, 67, 757
What are the prime factors of 294095?
5, 131, 449
What are the prime factors of 225644?
2, 19, 2969
What are the prime factors of 2499237?
3, 13, 41, 521
List the prime factors of 3200872.
2, 400109
List the prime factors of 551203.
29, 83, 229
What are the prime factors of 7872519?
3, 2624173
What are the prime factors of 960685?
5, 11, 17467
What are the prime factors of 13559523?
3, 17, 265873
List the prime factors of 834767.
47, 17761
List the prime factors of 9731740.
2, 5, 37, 13151
What are the prime factors of 2155133?
2155133
What are the prime factors of 5804?
2, 1451
List the prime factors of 755966.
2, 31, 89, 137
What are the prime factors of 2090827?
2090827
What are the prime factors of 692640?
2, 3, 5, 13, 37
List the prime factors of 17717096.
2, 2214637
What are the prime factors of 361470?
2, 3, 5, 12049
What are the prime factors of 12210127?
179, 68213
List the prime factors of 1491784.
2, 7, 17, 1567
What are the prime factors of 59840?
2, 5, 11, 17
What are the prime factors of 1289267?
7, 184181
List the prime factors of 6597236.
2, 1649309
What are the prime factors of 126744?
2, 3, 5281
List the prime factors of 1950058.
2, 11, 137, 647
List the prime factors of 971068.
2, 7, 79, 439
What are the prime factors of 1478249?
853, 1733
What are the prime factors of 1792176?
2, 3, 37337
What are the prime factors of 341885?
5, 101, 677
List the prime factors of 2243533.
601, 3733
What are the prime factors of 57807?
3, 2141
List the prime factors of 3072331.
1427, 2153
List the prime factors of 5124968.
2, 640621
What are the prime factors of 1826794?
2, 913397
List the prime factors of 157366.
2, 11, 23, 311
List the prime factors of 5538434.
2, 11, 61, 4127
What are the prime factors of 39676?
2, 7, 13, 109
List the prime factors of 17784969.
3, 19, 509, 613
What are the prime factors of 16695792?
2, 3, 23, 71
List the prime factors of 4221391.
59, 71549
List the prime factors of 2736059.
457, 5987
List the prime factors of 10012811.
10012811
What are the prime factors of 6377441?
7, 911063
List the prime factors of 6722608.
2, 420163
List the prime factors of 4021787.
7, 11, 19, 2749
List the prime factors of 676812.
2, 3, 56401
List the prime factors of 449644.
2, 13, 8647
What are the prime factors of 146848?
2, 13, 353
List the prime factors of 1454088.
2, 3, 43, 1409
What are the prime factors of 1567047?
3, 229, 2281
What are the prime factors of 1204326?
2, 3, 23, 2909
List the prime factors of 374236.
2, 93559
List the prime factors of 165286.
2, 11, 683
List the prime factors of 710243.
17, 41, 1019
What are the prime factors of 18456502?
2, 9228251
List the prime factors of 261496.
2, 32687
List the prime factors of 4498454.
2, 2249227
List the prime factors of 1109639.
1109639
List the prime factors of 100934.
2, 109, 463
What are the prime factors of 6204137?
151, 181, 227
What are the prime factors of 1061677?
1061677
What are the prime factors of 448309?
448309
What are the prime factors of 550677?
3, 19, 9661
What are the prime factors of 2783700?
2, 3, 5, 1031
List the prime factors of 21919323.
3, 101, 72341
What are the prime factors of 1769900?
2, 5, 11, 1609
What are the prime factors of 6311772?
2, 3, 175327
List the prime factors of 1014283.
139, 7297
List the prime factors of 2002004.
2, 500501
What are the prime factors of 8817801?
3, 2939267
List the prime factors of 18710203.
43, 89, 4889
What are the prime factors of 175021?
7, 11, 2273
List the prime factors of 6633680.
2, 5, 101, 821
List the prime factors of 998177.
23, 43399
List the prime factors of 412682.
2, 206341
List the prime factors of 80828.
2, 11, 167
List the prime factors of 436276.
2, 29, 3761
List the prime factors of 1953238.
2, 7, 19, 1049
List the prime factors of 409178.
2, 7, 11, 2657
List the prime factors of 510640.
2, 5, 13, 491
What are the prime factors of 4174?
2, 2087
List the prime factors of 1211018.
2, 605509
List the prime factors of 476111.
476111
What are the prime factors of 1865516?
2, 331, 1409
What are the prime factors of 1634879?
1634879
What are the prime factors of 73440?
2, 3, 5, 17
List the prime factors of 8728037.
8728037
What are the prime factors of 754553?
83, 9091
List the prime factors of 8040572.
2, 19, 47, 2251
List the prime factors of 2045300.
2, 5, 113, 181
List the prime factors of 231113.
239, 967
List the prime factors of 505114.
2, 31, 8147
What are the prime factors of 711775?
5, 71, 401